at is -10333421 (base 5) in base 4?
-111330011
What is 562247 (base 8) in base 5?
22031412
What is -44671 (base 12) in base 13?
-32440
What is -3842b95 (base 12) in base 16?
-a86821
Convert 13120411 (base 7) to base 4.
10210203133
-15128b (base 14) to base 5
-141430123
4d082 (base 14) to base 7
1416222
Convert 75148 (base 11) to base 5.
11444230
What is 98a5 (base 16) in base 14?
10353
201221020100 (base 3) to base 11
248883
Convert -140021100 (base 5) to base 2.
-10101100000000001101
Convert 270542 (base 8) to base 6.
2005442
Convert -1111110010100 (base 2) to base 9.
-12072
What is -210011210202 (base 3) in base 4?
-1211301032
Convert 40709a (base 11) to base 4.
2133210332
What is -1a17a31 (base 11) in base 9?
-6362808
-121012110211 (base 3) to base 15
-64764
Convert -1430445 (base 6) to base 11.
-56523
101020333 (base 4) to base 13
25c57
Convert -670462 (base 8) to base 2.
-110111000100110010
Convert 519599 (base 11) to base 10.
832588
Convert 3300313 (base 4) to base 5.
443130
What is -301620 (base 7) in base 4?
-30132000
What is 110401 (base 6) in base 16?
2401
Convert -3210050 (base 6) to base 16.
-264ae
1ca4d (base 16) to base 4
130221031
Convert -308310 (base 15) to base 16.
-232f17
-4111531 (base 6) to base 14
-5167d
What is -1bbd5a (base 14) in base 8?
-3623674
What is 3444220 (base 5) in base 6?
1201015
What is -2420482 (base 12) in base 15?
-936d12
Convert -3021553 (base 6) to base 2.
-100010111010001101
What is 10210121110 (base 3) in base 11?
51222
-260257 (base 8) to base 9
-146758
Convert 171dd7 (base 15) to base 13.
302b93
What is 47940 (base 15) in base 3?
102121001020
What is 11000101002 (base 3) in base 5?
10012004
334332120 (base 5) to base 9
2705511
-1706195 (base 15) to base 10
-16726865
-113948 (base 13) to base 14
-a89aa
1010010000011111 (base 2) to base 13
1617c
14a89 (base 13) to base 3
1222201002
What is -10001111010000010001 (base 2) in base 15?
-b8cce
Convert 20122454 (base 6) to base 2.
10001011010111100010
-116115 (base 7) to base 13
-9927
Convert -120486 (base 10) to base 5.
-12323421
Convert -4c00a9 (base 16) to base 14.
-9392ad
What is 111111011110101110 (base 2) in base 16?
3f7ae
What is -120057 (base 8) in base 9?
-62223
-4042b (base 13) to base 3
-12211200200
What is -39137 (base 13) in base 4?
-121303013
What is -10304110 (base 5) in base 3?
-11110202101
Convert -4257c0 (base 14) to base 16.
-223b3c
What is -506414 (base 7) in base 14?
-23644
51620 (base 15) to base 8
767530
Convert 158a2 (base 13) to base 6.
513542
What is 20200212112 (base 3) in base 16?
2030f
What is 6a27102 (base 11) in base 12?
4141806
Convert 347047 (base 8) to base 6.
2311423
Convert -1110101110100001 (base 2) to base 9.
-101663
-25cb64 (base 14) to base 5
-313143100
What is -11100001110001101000110 (base 2) in base 11?
-41a342a
What is 250048 (base 13) in base 9?
1588544
Convert -92073 (base 11) to base 16.
-20d6f
What is 4657a (base 11) in base 6?
1235150
310542 (base 7) to base 14
154c9
What is -6706630 (base 8) in base 7?
-21230330
What is 77023 (base 10) in base 3?
10220122201
114281 (base 12) to base 13
99034
Convert -20196a0 (base 11) to base 5.
-1403224303
Convert -430305 (base 8) to base 12.
-6b0b1
What is -14a5 (base 11) in base 12?
-114a
Convert 13184 (base 16) to base 13.
297a4
35245152 (base 6) to base 15
169682
-2b76dc (base 16) to base 14
-542108
What is 526041 (base 9) in base 14?
81db4
-100010000000000111 (base 2) to base 7
-1120016
762562 (base 8) to base 6
5250054
What is 36dba3 (base 15) in base 16?
281b1a
36b277 (base 12) to base 11
558993
417a6 (base 11) to base 13
21915
What is 134023d (base 15) in base 6?
1213153034
10333121032 (base 4) to base 13
36a609
-34111120 (base 5) to base 10
-300785
What is -6120036 (base 8) in base 12?
-659b3a
-12000202011 (base 3) to base 14
-280c7
What is 14042324 (base 5) in base 2?
100011000001101000
Convert -39279a (base 12) to base 5.
-220001302
What is -21022630 (base 8) in base 12?
-15b4648
What is -13600043 (base 7) in base 13?
-359549
Convert -11200120202101 (base 3) to base 10.
-2491543
What is 1a165 (base 13) in base 11?
35177
What is 3ebe59 (base 15) in base 14?
58b310
Convert -ddb7b (base 15) to base 11.
-441408
Convert -5a690 (base 13) to base 16.
-28812
-1103003 (base 5) to base 2
-100101010111000
What is -1a201b (base 12) in base 9?
-770485
What is 11505444 (base 6) in base 14?
97908
Convert -12a6525 (base 11) to base 8.
-10447763
What is -1a0840 (base 11) in base 14?
-805bb
What is 1297875 (base 14) in base 8?
42163037
Convert -10011011120 (base 3) to base 11.
-42714
Convert 601087 (base 11) to base 3.
1211011110221
31203135 (base 6) to base 2
11011100011001000011
What is -44442353 (base 8) in base 10?
-9585899
Convert -1095117 (base 11) to base 16.
-1d256c
What is -10a58d (base 14) in base 4?
-2022101201
11101100110000101001110 (base 2) to base 5
3441230113
What is 171504 (base 10) in base 6?
3402000
-82ffea (base 16) to base 4
-200233333222
-2c857 (base 15) to base 3
-21022000201
What is -111011100101001 (base 2) in base 6?
-353121
-7ab0a (base 15) to base 13
-108a3c
12201111013 (base 4) to base 9
3184744
What is -2314106 (base 8) in base 9?
-1157503
What is 1011101001111111001100 (base 2) in base 5?
1240234224
What is -351179 (base 12) in base 2?
-11010000000010101101
Convert 12000303333 (base 5) to base 15.
1303c98
-1333131402 (base 5) to base 14
-64b36d
Convert 24030020 (base 7) to base 11.
1221517
What is -10100100111111000001 (base 2) in base 15?
-d536c
What is -148095 (base 13) in base 8?
-1726703
Convert -22add3 (base 14) to base 9.
-2202258
Convert 51b4b (base 12) to base 16.
1a22b
Convert -4550042 (base 6) to base 15.
-48b25
Convert -110322412 (base 5) to base 2.
-1110101000111110100
11013400332 (base 5) to base 4
231032213112
Convert 3200032230 (base 4) to base 6.
31404020
What is -12351555 (base 6) in base 2?
-1100010100000011111
Convert 1625840 (base 12) to base 8.
21220160
What is 1230233330 (base 4) in base 13?
127994
205331044 (base 6) to base 11
2052814
What is 11011000110010110100000 (base 2) in base 6?
412132240
What is 21215661 (base 7) in base 10?
1802802
14511804 (base 9) to base 13
1656811
What is 101122221200 (base 3) in base 2?
110011001111111100
Convert -1a814 (base 12) to base 2.
-1001100100010000
-7ba16 (base 13) to base 4
-313020023
Convert -10113101131 (base 4) to base 5.
-243101101
What is -59a7d (base 14) in base 11?
-13a472
Convert 11a6b65 (base 13) to base 12.
1a12244
2213402 (base 7) to base 3
111211212002
What is -1248812 (base 12) in base 6?
-204433222
What is -47541 (base 8) in base 9?
-30778
What is 532265 (base 7) in base 13?
32ba3
Convert 144122 (base 8) to base 11.
35590
-18aa9b (base 12) to base 10
-433559
30312011300 (base 4) to base 8
14660560
Convert 100110111100010111111 (base 2) to base 14.
253099
124197 (base 10) to base 12
5ba59
Convert 337742 (base 14) to base 10.
1749358
Convert -436806 (base 9) to base 5.
-31322112
-32423411 (base 6) to base 9
-1734277
-242022211 (base 5) to base 12
-463b38
Convert ed3b2 (base 15) to base 3.
1102021120012
Convert -2145425 (base 8) to base 9.
-1067447
-85dc0 (base 14) to base 8
-1170264
3336472 (base 8) to base 10
900410
What is 1000110101002211 (base 3) in base 6?
1240433421
Convert 6827867 (base 9) to base 15.
4ca567
11623625 (base 7) to base 4
3333321302
-151608 (base 9) to base 12
-45a45
879384 (base 12) to base 3
11001022211201
What is 10220122020 (base 3) in base 11?
5294a
101220201112202 (base 3) to base 4
112020101123
What is 7ab1ca (base 14) in base 13?
b3448c
20616a (base 12) to base 7
4214542
Convert 11001111010000010011 (base 2) to base 7.
10133654
What is 42213444 (base 5) in base 15?
6e084
Convert -262410 (base 11) to base 14.
-aa797
Convert 14345032 (base 6) to base 12.
1bb178
-234642 (base 8) to base 15
-18bca
What is -3131321323 (base 4) in base 15?
-12e49d
What is -115a44 (base 11) in base 2?
-101100110100110101
Convert -d5b0 (base 15) to base 7.
-245451
-c7d299 (base 14) to base 9
-13641538
Convert -2204345 (base 6) to base 2.
-11010110100101001
134342 (base 5) to base 14
207b
-101120012110212 (base 3) to base 9
-11505425
-11a5a6 (base 12) to base 7
-2305521
What is -6681263 (base 10) in base 3?
-110120102222012
What is -a2367 (base 13) in base 6?
-101212